se d = 5*y + 3*g - 42, 21 = 2*y + 2*g - 5*g. List the prime factors of y.
3
Let l(x) = x**2 - 7*x - 10. Suppose -5*p = -2*q + 24, 2*q = -0*p + p. Let y = 15 + p. List the prime factors of l(y).
2
Suppose -4*h - 2*t = -63 - 73, 5*t - 130 = -4*h. List the prime factors of h.
5, 7
Suppose 4*r = 3*v - 0*v - 27, r = -v + 2. Suppose -10 - 28 = -4*b - 2*n, -4 = -b + v*n. What are the prime factors of b?
3
Suppose -3*r = -3 + 21. Let g be 4/2 + 19 + -1. Let c = g + r. What are the prime factors of c?
2, 7
Let t be 4/6*(2 - -1). Suppose -t*y - 13 = -63. List the prime factors of y.
5
Let z be (1 + -3)/(2/(-59)). Let o = z + -38. List the prime factors of o.
3, 7
Suppose -4*w = -3 - 5. Suppose w*f = 6 - 0. Suppose -2*v - 2*v = -f*q + 24, 5*q - 40 = 3*v. What are the prime factors of q?
2
Suppose v + 2*i = 6*v - 8, 0 = -5*v + 5*i + 20. Let w = 2 + v. List the prime factors of w.
2
Let h(y) = -4*y - 4. Let d(i) = 3*i + 3. Let c(a) = 6*d(a) + 5*h(a). Let l be c(-3). Suppose -t + l*t = 21. What are the prime factors of t?
7
Let z = -6 + 12. Suppose 0 = -2*l + 4*l - 32. Suppose -z = f - l. List the prime factors of f.
2, 5
Let v(j) = j**3 + j**2. Let a be (0 - (4 - 2)) + 3. Let l be v(a). Suppose l*y - 15 = z, y + 2*y + 3*z = 18. What are the prime factors of y?
7
Suppose t + 0 - 2 = 0. Suppose -t = 2*z - 4*z. Suppose 2*g = c + 17, -z = -3*c - 10. List the prime factors of g.
7
Let a = -1 - -15. What are the prime factors of a?
2, 7
Let v(i) = i**2 - 14*i + 30. What are the prime factors of v(14)?
2, 3, 5
What are the prime factors of (1*-1)/(49/25 + -2)?
5
Suppose 3*g - 24 = -9. Let m = -5 + g. Suppose 4*n - 16 = -2*p, m = 2*p - 0*n + n - 10. List the prime factors of p.
2
Suppose 3*m = -5*a + 378, 5*m = a + 3*a - 332. What are the prime factors of a?
2, 3, 13
Let c = 17 + -11. Suppose -2*f = 3*v + 1, -4*f - c*v = -2*v - 4. List the prime factors of f.
2
Let n = -13 + 3. Let o be (2/6)/(1/(-3)). What are the prime factors of n*((-6)/4 - o)?
5
Suppose 2*d = -2*d + 20. What are the prime factors of d/(-15) + (-44)/(-6)?
7
Suppose 2*r - 89 - 137 = -3*w, -r + w = -123. What are the prime factors of r?
7, 17
Suppose -3*l - q + 26 = 0, 0 = -4*l - q + 43 - 9. Let f(w) = 14 - 1 + w**2 - 1 - 9*w. What are the prime factors of f(l)?
2
Suppose 0*x + 2*x = 30. Suppose 3*z = -0*u - 2*u - x, u + 5*z = 3. List the prime factors of (-21)/(-2)*u/(-18).
7
Suppose p = 4*p - 12. List the prime factors of p.
2
Let r(m) be the second derivative of -11*m**3/6 - 3*m**2/2 + m. Let v(i) = 7*i + 2. Let l(j) = -5*r(j) - 8*v(j). What are the prime factors of l(-9)?
2
Suppose 0 = -o - 4*b - 3, -3 = o + b - 2*b. Let f = o + 3. Suppose 5*h + a - 11 = f, -2*h + 0 + 2 = a. What are the prime factors of h?
3
Suppose -4 - 20 = -4*l. Suppose l*g - 8*g = -10. Suppose 0 = 3*i - 4*d - 43 + 10, 55 = g*i + 3*d. List the prime factors of i.
11
Suppose 6*w - 277 = 2*w - 5*g, -3*w - 5*g + 204 = 0. Suppose -3*l - 2*f - w = -8*l, -4*l - 5*f + 32 = 0. List the prime factors of l.
13
Let j = 29 + -11. Let l = j - 33. Let y = l - -32. What are the prime factors of y?
17
Let x(y) = -6*y - 21. Let l(u) = 9*u + 31. Let n(h) = -5*l(h) - 7*x(h). List the prime factors of n(-7).
13
List the prime factors of (195/(-6))/((-4)/8).
5, 13
Let o(y) be the first derivative of -y**5/120 - y**4/24 + y**3/3 - 1. Let r(i) be the third derivative of o(i). What are the prime factors of r(-6)?
5
Let n = 51 - 19. List the prime factors of n.
2
Suppose u - 11*u = -1300. What are the prime factors of u?
2, 5, 13
Let s be (-1)/(2 + (-15)/7). Suppose -4*c = -s*c + 99. What are the prime factors of c?
3, 11
Let s be (-4)/4*(0 + -1). Let g(r) = -26*r**2 - 2*r + 1. Let v be g(s). Let w = v + 39. What are the prime factors of w?
2, 3
Suppose -2*n + 3*z + 18 = 0, 4*n + n + 5*z - 70 = 0. Let p = 24 - n. What are the prime factors of p?
2, 3
Suppose 0 = -2*h + 37 + 55. What are the prime factors of h?
2, 23
Suppose -11*t = -1758 + 548. List the prime factors of t.
2, 5, 11
Let x(b) = b**3 - b**2 + 175. Let n be x(0). Let z be 4/5*n/(-10). What are the prime factors of (0 - (2 + -1))*z?
2, 7
Suppose -z = 4*z - 435. Suppose 4*g + 3 = z. List the prime factors of g.
3, 7
List the prime factors of (-2 + -5)*(-1760)/56.
2, 5, 11
What are the prime factors of 9/6*282/9?
47
Suppose u - 164 = 5*u. Let i = 76 + u. What are the prime factors of i?
5, 7
Suppose -4*p + 1 = 5. Let y be (4 - 2) + (9 - p). Suppose 0*x + y = x. What are the prime factors of x?
2, 3
Let y = 9 + 12. Let w be (-6)/y + 160/(-28). Let b = w + 21. What are the prime factors of b?
3, 5
Suppose -139 + 31 = -3*j. List the prime factors of j.
2, 3
Suppose -6*k + k + 5*u = -135, -2*k + 5*u + 48 = 0. List the prime factors of k.
29
Let m be -12*(15/9 - 2). Suppose -t = -2*d + m*t - 37, 0 = 4*d + 4*t + 4. What are the prime factors of d + 7 - 4*-2?
3
Let f(k) = 3*k + 3. What are the prime factors of f(4)?
3, 5
Suppose 5*i - 6*i = 0. Suppose -4*s + 1 + 7 = i. Suppose 14 = s*n - 2. What are the prime factors of n?
2
Let f(x) = -x**3 - 3*x**2 + 3*x - 4. Let i be f(-4). Suppose 29 = 3*k + 2*a, 6*a - 2*a + 8 = i. List the prime factors of k.
11
Let f(j) = -j**2 - 8*j - 7. Let z be f(-7). Suppose -t + 9 = 3*v, z*v = -5*t - 4*v + 1. List the prime factors of (-11)/t + (-5)/(-15).
2
Let w(b) be the second derivative of 2*b**3 + b**2/2 + 2*b. Let l = 0 + 1. What are the prime factors of w(l)?
13
Let i be (8*1)/(1 + -2). Suppose -3*h + 4 = -j, -2*h + 2*j = -5*h + 19. List the prime factors of 2/h*(-108)/i.
3
Let b(y) = -y**3 - y**2 + y + 41. What are the prime factors of b(0)?
41
List the prime factors of (67 + -1)*(-2)/(-3).
2, 11
Let h = -157 + 106. List the prime factors of -4*(h/6 - -3).
2, 11
Let z be 1/2*0 - -129. Let f = z + -92. What are the prime factors of f?
37
Let d(t) be the second derivative of t**3/3 - 3*t**2/2 - 2*t. Let l be d(6). List the prime factors of -3 - -3 - (-1 - l).
2, 5
Let q = 468 - 256. List the prime factors of q.
2, 53
Suppose -3*r + 2 = -193. List the prime factors of r.
5, 13
Let u(r) = r**3 + 19*r**2 - 24*r + 16. What are the prime factors of u(-20)?
2, 3
Let j(r) = -r**3 - 5*r**2 - 7*r + 1. Let u be (-1*3 + -2)*1. Let p be j(u). What are the prime factors of 2/(-3)*p/(-2)?
2, 3
Let d = 3 - 4. Let y be 2 - ((-1 - 0) + d). What are the prime factors of -21*(y/(-3))/2?
2, 7
Suppose 5*o - p - 20 = 0, 4*p - 2*p = 0. Suppose b - 55 = -o*b. Let w = -4 + b. List the prime factors of w.
7
Suppose -4*q + 182 = 2*n, 2*n - 4*n = -5*q + 214. What are the prime factors of q?
2, 11
Suppose 10*j - 15*j + 580 = 0. List the prime factors of j.
2, 29
Suppose 0 = 3*b - 21 - 0. Let m(l) = 4 + 2*l + 0 + 8*l**2 - l**3 - 8*l. What are the prime factors of m(b)?
11
Let h(c) = 3*c**2 + 2*c + 65. List the prime factors of h(-7).
2, 3, 11
Let q(b) = b**2 + 2*b + 1. Let d be (-3)/((-3)/(1 - -2)). Let u(p) = 2*p**2 + p + 1. Let h(m) = d*q(m) - 2*u(m). List the prime factors of h(3).
2
Suppose 0 = w - 14 - 4. What are the prime factors of -2 + w*(-2 - -3)?
2
Let b = -67 - -91. What are the prime factors of b?
2, 3
Suppose -4*f + v = -4*v + 29, 3*f + 2*v + 16 = 0. What are the prime factors of f*((-3)/(-6) + -1)?
3
Suppose -3*j - 4*k - 25 = -0*k, 0 = -2*j + 5*k + 14. List the prime factors of j/(-3) + (-32)/(-4).
3
Let k be ((-2)/4)/((-5)/(-30)). Let n be (6/(-8))/(k/(-60)). What are the prime factors of (-126)/n - (-6)/(-15)?
2
Suppose 0 = n - 3 - 2. Suppose 0 = n*q + 25, -q + 4 = 3*v - 6. Suppose -v*l + 23 = -12. List the prime factors of l.
7
Suppose -1 = -x + 4*j - 0, 0 = 4*x - 4*j + 8. Let k = 5 + x. Suppose k*d - 80 = -2*d. List the prime factors of d.
2, 5
Let v(i) = -i**2 - 8*i - 5. Let l be v(-7). Suppose -l*c - 6 = c. List the prime factors of (c/4)/((-3)/48).
2
Let h(s) = s - 12. Let b be h(9). Let g = 14 + b. What are the prime factors of g?
11
Let i(h) = -h**3 - 7*h**2 + h + 10. Let b be i(-7). Suppose -b*p + 9 + 18 = 0. List the prime factors of p.
3
What are the prime factors of (-4 - (-2 - 1)) + 24?
23
Let m be ((-20)/12)/(2/24). Let p = -5 - m. List the prime factors of p.
3, 5
Let n be ((-7)/((-105)/36))/((-9)/(-90)). Let m = 4 - -23. Suppose 0*x + 4*u + n = 2*x, -x - u = -m. List the prime factors of x.
2, 11
Let y(n) = -3*n - 1. Let i be y(-1). Suppose i + 6 = p. 